emainder when 16378385 is divided by 52?
49
What is the remainder when 63965018 is divided by 617?
11
What is the remainder when 53313 is divided by 4444?
4429
Calculate the remainder when 4277 is divided by 2471.
1806
Calculate the remainder when 665092843 is divided by 15.
13
Calculate the remainder when 4486004 is divided by 1495210.
374
What is the remainder when 168630 is divided by 10534?
86
Calculate the remainder when 13860461 is divided by 11287.
25
Calculate the remainder when 66661 is divided by 5552.
37
Calculate the remainder when 17503068 is divided by 14104.
4
Calculate the remainder when 316706 is divided by 52705.
476
What is the remainder when 3920 is divided by 847?
532
Calculate the remainder when 862331 is divided by 123187.
22
What is the remainder when 2658604 is divided by 1800?
4
Calculate the remainder when 11282833 is divided by 53473.
30
Calculate the remainder when 44619 is divided by 22030.
559
Calculate the remainder when 2738814 is divided by 131.
128
Calculate the remainder when 1320053 is divided by 219801.
1247
What is the remainder when 125031 is divided by 1333?
1062
Calculate the remainder when 3257732 is divided by 2156.
16
What is the remainder when 580293 is divided by 116058?
3
What is the remainder when 45200332 is divided by 21?
16
Calculate the remainder when 26777 is divided by 2611.
667
What is the remainder when 33997256 is divided by 60?
56
What is the remainder when 5412135 is divided by 112?
71
What is the remainder when 6939867 is divided by 210?
207
Calculate the remainder when 103855899 is divided by 25.
24
What is the remainder when 1757 is divided by 84?
77
Calculate the remainder when 1482459 is divided by 4373.
12
What is the remainder when 747339 is divided by 8586?
357
Calculate the remainder when 14660 is divided by 4484.
1208
Calculate the remainder when 11574 is divided by 11512.
62
Calculate the remainder when 16898632 is divided by 25035.
7
What is the remainder when 17914087 is divided by 144468?
55
What is the remainder when 5396020 is divided by 45?
25
Calculate the remainder when 1107922 is divided by 21723.
49
What is the remainder when 25215194 is divided by 1783?
8
What is the remainder when 54066859 is divided by 45?
34
Calculate the remainder when 421993 is divided by 3982.
3883
Calculate the remainder when 49118 is divided by 2707.
392
Calculate the remainder when 16438015 is divided by 11047.
79
What is the remainder when 946412 is divided by 22?
16
What is the remainder when 35879 is divided by 76?
7
Calculate the remainder when 30966 is divided by 1192.
1166
What is the remainder when 39804 is divided by 2537?
1749
What is the remainder when 814514 is divided by 3363?
668
Calculate the remainder when 107098 is divided by 406.
320
Calculate the remainder when 527015 is divided by 221.
151
Calculate the remainder when 13273314 is divided by 47.
44
Calculate the remainder when 676889 is divided by 598.
551
What is the remainder when 502754 is divided by 55851?
95
Calculate the remainder when 1871887 is divided by 522.
517
What is the remainder when 1145592 is divided by 5588?
52
Calculate the remainder when 5797906 is divided by 2898906.
94
What is the remainder when 16437760 is divided by 83?
25
What is the remainder when 210220 is divided by 1668?
52
What is the remainder when 755599 is divided by 377781?
37
What is the remainder when 3462066 is divided by 10887?
0
Calculate the remainder when 755557 is divided by 150689.
2112
Calculate the remainder when 38115898 is divided by 76.
74
Calculate the remainder when 6303642 is divided by 62.
40
What is the remainder when 2139549 is divided by 1069696?
157
What is the remainder when 147286 is divided by 146095?
1191
Calculate the remainder when 218474 is divided by 7043.
141
Calculate the remainder when 7334797 is divided by 95.
37
What is the remainder when 5424352 is divided by 174975?
127
What is the remainder when 1138017 is divided by 305?
62
What is the remainder when 33728771 is divided by 1477?
1476
What is the remainder when 4687 is divided by 1512?
151
What is the remainder when 68389 is divided by 9719?
356
Calculate the remainder when 134043 is divided by 1334.
643
Calculate the remainder when 371923 is divided by 371893.
30
What is the remainder when 29110735 is divided by 14555364?
7
Calculate the remainder when 562173 is divided by 186002.
4167
What is the remainder when 32800843 is divided by 8775?
8668
Calculate the remainder when 1409534 is divided by 567.
539
What is the remainder when 48478 is divided by 48468?
10
What is the remainder when 23179 is divided by 2408?
1507
What is the remainder when 348292 is divided by 23191?
427
What is the remainder when 27806023 is divided by 2780601?
13
What is the remainder when 228429 is divided by 114116?
197
Calculate the remainder when 126245 is divided by 297.
20
Calculate the remainder when 127206 is divided by 5086.
56
What is the remainder when 1395357 is divided by 5191?
4169
Calculate the remainder when 2876271 is divided by 75691.
13
What is the remainder when 11128190 is divided by 42?
38
What is the remainder when 1352635 is divided by 450389?
1468
What is the remainder when 6578828 is divided by 1352?
1348
What is the remainder when 334031 is divided by 25556?
1803
What is the remainder when 19883 is divided by 2558?
1977
Calculate the remainder when 457125 is divided by 38089.
57
What is the remainder when 5084273 is divided by 1694662?
287
What is the remainder when 8378215 is divided by 392?
391
What is the remainder when 775611 is divided by 775316?
295
Calculate the remainder when 130249 is divided by 65056.
137
What is the remainder when 327786436 is divided by 14?
12
What is the remainder when 21864297 is divided by 657?
651
Calculate the remainder when 418896669 is divided by 3936.
3933
Calculate the remainder when 110857 is divided by 52558.
5741
Calculate the remainder when 7979865 is divided by 2659948.
21
Calculate the remainder when 114387 is divided by 37954.
525
What is the remainder when 2949750 is divided by 561?
12
Calculate the remainder when 3236145 is divided by 449.
202
Calculate the remainder when 58295257 is divided by 1791.
1789
What is the remainder when 197591 is divided by 197147?
444
What is the remainder when 8381020 is divided by 1687?
4
What is the remainder when 205998 is divided by 4140?
3138
What is the remainder when 360169 is divided by 60?
49
What is the remainder when 1563701 is divided by 217?
216
What is the remainder when 1397795 is divided by 1051?
1016
Calculate the remainder when 1614445 is divided by 609.
595
What is the remainder when 10008314 is divided by 1665?
1664
What is the remainder when 1041081 is divided by 69400?
81
What is the remainder when 4378724 is divided by 975?
974
Calculate the remainder when 44770 is divided by 4884.
814
Calculate the remainder when 15327124 is divided by 352.
340
What is the remainder when 2230650 is divided by 10375?
25
Calculate the remainder when 1868163 is divided by 7326.
33
What is the remainder when 88113 is divided by 3784?
1081
What is the remainder when 70320 is divided by 733?
685
Calculate the remainder when 580696 is divided by 103.
85
What is the remainder when 774496 is divided by 193613?
44
What is the remainder when 203667185 is divided by 1941?
1937
What is the remainder when 6204131 is divided by 77?
10
What is the remainder when 44442649 is divided by 2150?
2149
What is the remainder when 37958982 is divided by 1208?
1206
Calculate the remainder when 581922 is divided by 2985.
2832
Calculate the remainder when 7062715 is divided by 28.
23
What is the remainder when 3077550 is divided by 969?
6
Calculate the remainder when 1893420 is divided by 8162.
7998
Calculate the remainder when 188872735 is divided by 104.
103
What is the remainder when 974466 is divided by 974446?
20
What is the remainder when 5367 is divided by 4088?
1279
What is the remainder when 2621436 is divided by 6168?
36
Calculate the remainder when 117145 is divided by 2262.
1783
Calculate the remainder when 35030460 is divided by 165.
135
Calculate the remainder when 24906182 is divided by 29.
25
What is the remainder when 13247415 is divided by 6623691?
33
Calculate the remai